pose 4*q = -5*d + 68, 0*d = 2*q + 5*d - g. What is the highest common divisor of q and 12?
12
Let g(y) = 10*y**3 - 2*y**2 + 2*y - 1. Let c be g(1). Let b = c + -10. Let f be 340/6 - b/3. What is the highest common factor of 19 and f?
19
Suppose 0 = 4*p + 4 + 4. Let d(w) = 2*w**2 + w + 1. Let g be d(p). Suppose m + 2*x = 10, -3 = -m - 5*x + g. Calculate the greatest common divisor of m and 90.
10
Let u = -408 + 1432. What is the greatest common factor of u and 384?
128
Let m = -10 - -18. Suppose 0 = k + m - 11. Suppose -3*j + 177 = k*d, -4*j - 179 = -3*d - 37. What is the greatest common divisor of 36 and d?
18
Suppose -2*w - 2*t + 84 = 0, -5*w - 3*t - 34 + 244 = 0. Calculate the highest common factor of w and 231.
21
Suppose 3 = g + 2. Let x be ((-236)/6)/(g/3). Let b = x - -166. What is the highest common divisor of 6 and b?
6
Let n = 590 - 542. Calculate the greatest common factor of 372 and n.
12
Let m = -713 - -730. Suppose b - 1267 = 5*r, -3*r + b - 1014 = r. Let f be r/(-5) + 4/10. Calculate the highest common factor of f and m.
17
Suppose -3*j = -3*p - 4*j + 87, -2*j = -2*p + 66. Calculate the greatest common factor of 10 and p.
10
Suppose -7 = -k + 5*p, 0 = 5*k - 0*p - 4*p - 35. Let h = k + -1. Let x be (-26)/(((-6)/3)/h). Calculate the greatest common factor of 52 and x.
26
Let r be (-117)/(-9) + -8 - -23. What is the highest common divisor of 1988 and r?
28
Let j(g) = -g**3 + 4*g**2 - g - 4. Let s be j(4). Let m be 1/5 + s/(-10). Suppose -4*l + l = -21. Calculate the greatest common factor of l and m.
1
Suppose 4*o = o. Let l = o + 3. Suppose -l*j = -j - 92. Calculate the highest common divisor of 69 and j.
23
Let h be 8/(-16)*-6 - 0. Calculate the highest common divisor of 33 and h.
3
Let s = 114 + -86. What is the greatest common factor of s and 112?
28
Let k(g) = 137*g - 255. Let l be k(8). What is the highest common divisor of 58 and l?
29
Let q(v) = -34*v**3 + v**2 - 7*v - 2. Let i be q(-2). Calculate the highest common divisor of 16 and i.
16
Let f = -345 + 357. What is the greatest common factor of f and 696?
12
Let r = -3 + 7. Suppose -r*o - o = -230. Suppose 4*t = o + 226. Calculate the greatest common factor of t and 17.
17
Suppose 0 = -b + 2*b - 4. Suppose 2*q = b*q - 64. Let w = q + -17. What is the greatest common factor of 75 and w?
15
Suppose -4*c - 3*k + 7 = 0, 0*k + 4*k = -2*c + 6. Calculate the greatest common factor of c and 169.
1
Let x be 1 + 67 + -1 + -2. Let a(f) = 6 - 9*f - 2*f + 3*f - f**2. Let r be a(-7). What is the highest common factor of x and r?
13
Let s = 62 - 42. Let b = s + -15. Suppose 0 = -b*o + 31 + 79. What is the greatest common factor of 2 and o?
2
Let h be (2 - 43) + 9/(-3). Let q be (h/6)/(4/(-6)). Let i = q - 8. Calculate the highest common divisor of 18 and i.
3
Let c be -10*4/(-60)*102/4. Calculate the greatest common factor of c and 187.
17
Suppose -p = 5, -83 = -x + p + 3*p. Calculate the greatest common divisor of x and 21.
21
Let n = -72 + 19. Let r be (-86)/(-6) + 22/33. Let j = r - n. Calculate the greatest common factor of j and 17.
17
Let u = 143 + -143. Suppose u = 5*o - 4*y - 2540, -o + y = -4*o + 1507. Calculate the greatest common factor of o and 56.
56
Suppose -2*m = -4*a + 3*m + 25, -5 = 5*m. What is the greatest common divisor of 1 and a?
1
Let v be -20*(-8)/(-4)*-1. Suppose -b - 5*b = 0. Suppose b = 5*x + 2*u - 36, -3*u = u + 8. What is the greatest common divisor of x and v?
8
Let h(x) = x**3 + 10*x**2 + 13. Let o be h(-10). What is the greatest common divisor of 1 and o?
1
Suppose -4*r - 3*c + 81 = 0, 3*c = 3*r + 4*c - 62. What is the highest common divisor of r and 189?
21
Let k be (28/(-6))/(2/(-60)). Suppose -2*n = 5*t + 5, -4*n - 4*t + 4 = -4. Suppose -i + n*i - k = 0. Calculate the greatest common factor of i and 14.
7
Let k be ((-12)/42 + 8/(-70))*-5. Suppose 6 = k*w - 6. What is the greatest common factor of w and 30?
6
Suppose 0 = j + 3*u - 347, 2*u + 1713 = 5*j + 6*u. Let w = 32 + -1. Calculate the highest common divisor of w and j.
31
Suppose 99*n - 34*n - 5070 = 0. Calculate the highest common divisor of 102 and n.
6
Let z = 5 + -3. Let d = 63 + -43. Let b be (6/z)/(4/d). Calculate the highest common factor of b and 5.
5
Suppose -r + o - 2 = 0, r + o = -0*r - 4. Let j be (-13 + -3 + 0)*(r - -2). What is the highest common factor of 2 and j?
2
Suppose 11*x + 66 = 5*z + 7*x, -3*x = z - 17. Calculate the greatest common divisor of 4 and z.
2
Let a(r) = 8*r + 128. Let t be a(-12). What is the greatest common factor of 2 and t?
2
Suppose 3*n + 54 + 158 = 5*z, -2*z = -3*n - 92. What is the highest common divisor of 8 and z?
8
Let p = -66 - -69. Let z(i) = 6 - 2*i + 1 - 3. Let k be z(-4). What is the greatest common factor of p and k?
3
Let m = 496 + -192. Suppose -76*o = -1850 - 1038. What is the greatest common divisor of m and o?
38
Let l = 50 - -38. What is the greatest common factor of 8 and l?
8
Let t be (-140)/50 + (-1)/5. Let p = t + 7. Suppose c = -3*c + p. Calculate the highest common factor of 7 and c.
1
Suppose 3*n - 2*s - 11 = 0, 0 = -n - 2*n + 3*s + 9. Suppose -n*l + 24 = -56. What is the greatest common divisor of 12 and l?
4
Let s(a) = -3*a**2 - 32*a - 27. Let k be s(-9). Calculate the greatest common factor of 270 and k.
18
Let h be 420/8*(-36)/(-21). Let b = h + -60. What is the highest common divisor of b and 10?
10
Suppose 4 = -0*i + i. Let z be 267/(1 - -2) - i. Suppose -4*y + 11 = -z. What is the highest common divisor of y and 12?
12
Suppose -179 = -15*h - 14. Calculate the greatest common factor of h and 88.
11
Suppose -d - 3*v + 1500 = 4*d, 2*v - 10 = 0. Let s(j) = -j**3 + 14*j**2 + 55*j - 35. Let u be s(17). What is the greatest common factor of u and d?
33
Suppose 25 = 24*t - 19*t. Let b(k) = 2*k**3 - 11*k**2 + 5*k + 2. Let o be b(t). Calculate the greatest common factor of o and 22.
2
Let h(a) = -2*a**3 + 17*a**2 - 12*a - 9. Let j be h(7). Calculate the greatest common factor of 54 and j.
54
Let x = 152 - 227. Let v = x - -83. Calculate the highest common divisor of 88 and v.
8
Suppose i + 2*i = -3*o + 105, 5*o + i - 155 = 0. Suppose 1 = 2*b + 5. Let f be (24/(-8))/(1/b). What is the highest common divisor of o and f?
6
Suppose 5*l - 2*g = 1358, g = -3*l - 2*l + 1346. What is the greatest common divisor of l and 27?
27
Let r(l) = l**3 - 12*l**2 - 5*l - 80. Let s be r(13). What is the highest common factor of 312 and s?
24
Let z = 9 + 15. Let n be (-5 + 1)*54/z. Let d be (1/3)/((-1)/n). What is the greatest common divisor of d and 1?
1
Let b(l) = -4*l**3 + 2. Let t be b(2). Let v = t + 31. Calculate the greatest common divisor of v and 11.
1
Let v = 368 + -367. Calculate the highest common divisor of 2 and v.
1
Let h(a) = 23*a - 1. Let v be h(4). Calculate the greatest common factor of v and 26.
13
Let d(s) = 11*s**3 + 2*s**2 - 6*s + 22. Let f be d(3). Let t(i) = 2*i + 11. Let a be t(9). What is the highest common divisor of a and f?
29
Let v(n) = -3*n + 2. Let x be v(3). Let c be 7/(x/(-117)) + 3. Suppose -63 = -4*w + z, -3*z - 14 = 4*w - 65. What is the greatest common divisor of w and c?
15
Let w = -861 - -866. Let n be ((-3)/(-6))/((-2)/8). Let x be (n/2)/(-1) - 0. What is the greatest common divisor of w and x?
1
Let m(s) = s**2 - 4*s - 5. Let u be m(-2). Suppose 9 + u = x. What is the greatest common divisor of 16 and x?
16
Suppose 0 = 4*h - 2*h - 144. Suppose 2*k - h = -2*k. Calculate the greatest common divisor of k and 6.
6
Suppose q - 14 = -4*o + 1, -4*o - 4*q = 0. Suppose -v + o*n = -0*v - 60, -2*n = 0. What is the highest common divisor of v and 20?
20
Let p(j) = -2*j**2 - 76*j + 176. Let t be p(-40). Calculate the highest common divisor of t and 656.
16
Suppose 13 = 2*h + p, 0*p - 21 = -3*h - p. Suppose s + h = 3*s. Suppose s*l + 14 = 5*b, -b = -l - 1 - 2. Calculate the highest common divisor of b and 2.
2
Let g be ((-180)/100)/(12/(-200)). What is the highest common divisor of g and 705?
15
Let r be (-1)/((12/3)/(-52)). Let w = 18 - r. Suppose 3*i = 4*t + 26 + 26, 3*i + w*t - 16 = 0. What is the greatest common factor of i and 36?
12
Suppose 3*r = -0*k - 2*k + 16, -4*k = r + 8. What is the highest common factor of r and 152?
8
Suppose -5*f + 1848 = -n, -n + 437 = 4*f - 1036. What is the greatest common factor of 18 and f?
